{"id":44,"date":"2014-08-14T18:41:00","date_gmt":"2014-08-14T16:41:00","guid":{"rendered":"http:\/\/www.simone-huelshorst.de\/?page_id=44"},"modified":"2014-08-17T19:38:50","modified_gmt":"2014-08-17T17:38:50","slug":"ueber-mich","status":"publish","type":"page","link":"http:\/\/www.simone-huelshorst.de\/?page_id=44","title":{"rendered":"\u00dcber mich"},"content":{"rendered":"<p style=\"text-align: justify;\"><img loading=\"lazy\" class=\"alignleft wp-image-45\" src=\"http:\/\/www.simone-huelshorst.de\/sh\/wp-content\/uploads\/2014\/08\/Simone_Huelshorst.jpg\" alt=\"Simone H\u00fclshorst\" width=\"184\" height=\"255\" \/>Mein Name ist Simone H\u00fclshorst. In den fr\u00fchen 70er Jahren kam ich in der westf\u00e4lischen Stadt Schwerte zur Welt.<\/p>\n<p style=\"text-align: justify;\">Mein erster Berufswunsch war Schneiderin. Damals war ich etwa 8 Jahre alt und sehr stolz auf meinen ersten N\u00e4hkorb. Aber irgendwie ist es dabei dann nicht geblieben. Es kamen noch viele andere Ideen, W\u00fcnsche und Interessen. Und auch den N\u00e4hkorb von damals habe ich nicht mehr \u2026<\/p>\n<p style=\"text-align: justify;\">Heute wohne ich zusammen mit meinem Lebensgef\u00e4hrten, diversen Orchideen und gef\u00fchlten dreitausend B\u00fcchern mitten im gr\u00fcnen Dortmund. Mein gelernter Beruf ist Informatikkauffrau.<\/p>\n<p style=\"text-align: justify;\">Das N\u00e4hen habe ich dann vor ein paar Jahren wieder f\u00fcr mich entdeckt. Es ist eine sch\u00f6ne Erg\u00e4nzung zu meinem kaufm\u00e4nnischen Beruf. Hier kann ich mein handwerkliches Geschick anwenden und habe Raum f\u00fcr meine Kreativit\u00e4t und Schaffensfreude.<img loading=\"lazy\" class=\"alignright wp-image-53\" src=\"http:\/\/www.simone-huelshorst.de\/sh\/wp-content\/uploads\/2014\/08\/tasche_orange_blau_gemalt-300x183.jpg\" alt=\"tasche_orange_blau_gemalt\" width=\"280\" height=\"171\" srcset=\"http:\/\/www.simone-huelshorst.de\/sh\/wp-content\/uploads\/2014\/08\/tasche_orange_blau_gemalt-300x183.jpg 300w, http:\/\/www.simone-huelshorst.de\/sh\/wp-content\/uploads\/2014\/08\/tasche_orange_blau_gemalt.jpg 735w\" sizes=\"(max-width: 280px) 100vw, 280px\" \/> Ich mag die Arbeit mit verschiedenen Stoffen, Farben, Mustern, Formen und Stilen.<\/p>\n<p style=\"text-align: justify;\">Mit der Zeit erhielt ich immer mehr Anfragen, ob man die Werke auch kaufen k\u00f6nne. Anfangs habe ich das nat\u00fcrlich noch weit von mir gewiesen, aber die Idee war geboren. Und so habe ich den Schritt gewagt \u2013 vom Hobby in die Selbstst\u00e4ndigkeit.<\/p>\n","protected":false},"excerpt":{"rendered":"<p>Mein Name ist Simone H\u00fclshorst. In den fr\u00fchen 70er Jahren kam ich in der westf\u00e4lischen Stadt Schwerte zur Welt. Mein erster Berufswunsch war Schneiderin. Damals war ich etwa 8 Jahre alt und sehr stolz auf&#8230;<\/p>\n","protected":false},"author":1,"featured_media":0,"parent":0,"menu_order":0,"comment_status":"open","ping_status":"open","template":"page-template-wide.php","meta":[],"_links":{"self":[{"href":"http:\/\/www.simone-huelshorst.de\/index.php?rest_route=\/wp\/v2\/pages\/44"}],"collection":[{"href":"http:\/\/www.simone-huelshorst.de\/index.php?rest_route=\/wp\/v2\/pages"}],"about":[{"href":"http:\/\/www.simone-huelshorst.de\/index.php?rest_route=\/wp\/v2\/types\/page"}],"author":[{"embeddable":true,"href":"http:\/\/www.simone-huelshorst.de\/index.php?rest_route=\/wp\/v2\/users\/1"}],"replies":[{"embeddable":true,"href":"http:\/\/www.simone-huelshorst.de\/index.php?rest_route=%2Fwp%2Fv2%2Fcomments&post=44"}],"version-history":[{"count":12,"href":"http:\/\/www.simone-huelshorst.de\/index.php?rest_route=\/wp\/v2\/pages\/44\/revisions"}],"predecessor-version":[{"id":59,"href":"http:\/\/www.simone-huelshorst.de\/index.php?rest_route=\/wp\/v2\/pages\/44\/revisions\/59"}],"wp:attachment":[{"href":"http:\/\/www.simone-huelshorst.de\/index.php?rest_route=%2Fwp%2Fv2%2Fmedia&parent=44"}],"curies":[{"name":"wp","href":"https:\/\/api.w.org\/{rel}","templated":true}]}}