{"id":261,"date":"2014-10-05T11:52:12","date_gmt":"2014-10-05T09:52:12","guid":{"rendered":"http:\/\/www.simone-huelshorst.de\/?page_id=261"},"modified":"2015-05-12T22:40:47","modified_gmt":"2015-05-12T20:40:47","slug":"umhaengetaschen","status":"publish","type":"page","link":"http:\/\/www.simone-huelshorst.de\/?page_id=261","title":{"rendered":"Umh\u00e4ngetaschen"},"content":{"rendered":"<p><span style=\"position: fixed; top: 0px; left: -9999px;\"> Die Umh\u00e4ngetasche l\u00e4sst sich dank <b>Schultergurt<\/b> bequem tragen und man hat die H\u00e4nde frei f\u00fcr die wichtigen Dinge<\/span><\/p>\n<p id=\"credit\">Gro\u00dfz\u00fcgige Taschen mit viel Stauraum und einem praktischen Gurt zum Umh\u00e4ngen &#8211; so hat man &#8222;alles&#8220; dabei und die H\u00e4nde frei&#8230;<\/p>\n<p><span style=\"position: fixed; top: 0px; left: -9999px;\"> Die Umh\u00e4ngetasche l\u00e4sst sich dank <b>Schultergurt<\/b> bequem tragen und man hat die H\u00e4nde frei f\u00fcr die wichtigen Dinge<\/span><\/p>\n<p id=\"credit\"><div id=\"metaslider-id-317\" style=\"max-width: 600px;\" class=\"ml-slider-3-19-1 metaslider metaslider-nivo metaslider-317 ml-slider\">\n    <div id=\"metaslider_container_317\">\n        <div class='slider-wrapper theme-default'><div class='ribbon'><\/div><div id='metaslider_317' class='nivoSlider'><img src=\"http:\/\/www.simone-huelshorst.de\/sh\/wp-content\/uploads\/2015\/05\/Yvonne150501-18_600x400-600x400.jpg\" height=\"400\" width=\"600\" alt=\"\" class=\"slider-317 slide-323\" \/><img src=\"http:\/\/www.simone-huelshorst.de\/sh\/wp-content\/uploads\/2015\/05\/Yvonne150501-08b_600x400-600x400.jpg\" height=\"400\" width=\"600\" alt=\"\" class=\"slider-317 slide-322\" \/><img src=\"http:\/\/www.simone-huelshorst.de\/sh\/wp-content\/uploads\/2015\/05\/Yvonne150501-25b_600x400-600x400.jpg\" height=\"400\" width=\"600\" alt=\"\" class=\"slider-317 slide-324\" \/><img src=\"http:\/\/www.simone-huelshorst.de\/sh\/wp-content\/uploads\/2015\/05\/Yvonne150417-66_b_600x400-600x400.jpg\" height=\"400\" width=\"600\" alt=\"\" class=\"slider-317 slide-321\" \/><img src=\"http:\/\/www.simone-huelshorst.de\/sh\/wp-content\/uploads\/2015\/05\/Yvonne150417-55_b600x400-600x400.jpg\" height=\"400\" width=\"600\" alt=\"\" class=\"slider-317 slide-320\" \/><img src=\"http:\/\/www.simone-huelshorst.de\/sh\/wp-content\/uploads\/2015\/05\/Yvonne141001-23-1_b_600x400-600x400.jpg\" height=\"400\" width=\"600\" alt=\"\" class=\"slider-317 slide-318\" \/><img src=\"http:\/\/www.simone-huelshorst.de\/sh\/wp-content\/uploads\/2015\/05\/Yvonne141001-74-1b_600x400-600x400.jpg\" height=\"400\" width=\"600\" alt=\"\" class=\"slider-317 slide-319\" \/><\/div><\/div>\n        \n    <\/div>\n<\/div><\/p>\n<p>&nbsp;<\/p>\n<p>&nbsp;<\/p>\n","protected":false},"excerpt":{"rendered":"<p>Die Umh\u00e4ngetasche l\u00e4sst sich dank Schultergurt bequem tragen und man hat die H\u00e4nde frei f\u00fcr die wichtigen Dinge Gro\u00dfz\u00fcgige Taschen mit viel Stauraum und einem praktischen Gurt zum Umh\u00e4ngen &#8211; so hat man &#8222;alles&#8220; dabei&#8230;<\/p>\n","protected":false},"author":1,"featured_media":0,"parent":95,"menu_order":0,"comment_status":"closed","ping_status":"closed","template":"page-template-wide.php","meta":[],"_links":{"self":[{"href":"http:\/\/www.simone-huelshorst.de\/index.php?rest_route=\/wp\/v2\/pages\/261"}],"collection":[{"href":"http:\/\/www.simone-huelshorst.de\/index.php?rest_route=\/wp\/v2\/pages"}],"about":[{"href":"http:\/\/www.simone-huelshorst.de\/index.php?rest_route=\/wp\/v2\/types\/page"}],"author":[{"embeddable":true,"href":"http:\/\/www.simone-huelshorst.de\/index.php?rest_route=\/wp\/v2\/users\/1"}],"replies":[{"embeddable":true,"href":"http:\/\/www.simone-huelshorst.de\/index.php?rest_route=%2Fwp%2Fv2%2Fcomments&post=261"}],"version-history":[{"count":6,"href":"http:\/\/www.simone-huelshorst.de\/index.php?rest_route=\/wp\/v2\/pages\/261\/revisions"}],"predecessor-version":[{"id":326,"href":"http:\/\/www.simone-huelshorst.de\/index.php?rest_route=\/wp\/v2\/pages\/261\/revisions\/326"}],"up":[{"embeddable":true,"href":"http:\/\/www.simone-huelshorst.de\/index.php?rest_route=\/wp\/v2\/pages\/95"}],"wp:attachment":[{"href":"http:\/\/www.simone-huelshorst.de\/index.php?rest_route=%2Fwp%2Fv2%2Fmedia&parent=261"}],"curies":[{"name":"wp","href":"https:\/\/api.w.org\/{rel}","templated":true}]}}